{"id":61,"date":"2014-05-14T15:54:06","date_gmt":"2014-05-14T13:54:06","guid":{"rendered":"http:\/\/www.abc-reinigungen.de\/abcreiwp\/?page_id=61"},"modified":"2014-08-09T16:29:35","modified_gmt":"2014-08-09T14:29:35","slug":"abc-reinigungen-polstermoebelreinigung-polsteraufbereitung-polsterschoner-schwerin-rostock-luebeck","status":"publish","type":"page","link":"https:\/\/www.abc-reinigungen.de\/abcreiwp\/abc-reinigungen-polstermoebelreinigung-polsteraufbereitung-polsterschoner-schwerin-rostock-luebeck\/","title":{"rendered":"Polsterreinigung"},"content":{"rendered":"<hr \/>\n<p style=\"text-align: left;\"><em><span style=\"font-family: andale mono,times; font-size: 12pt;\"><strong><span style=\"font-family: andale mono,times; font-size: 13pt;\"><strong><span style=\"color: #00ccff;\"><span style=\"color: #003366;\">Neue Innovation bei der Polsterreinigung! <em><span style=\"font-family: andale mono,times; font-size: 12pt;\"><strong><span style=\"font-family: andale mono,times; font-size: 13pt;\"><strong><span style=\"color: #00ccff;\"><span style=\"color: #003366;\"><span style=\"font-size: 13pt;\">Sie haben die Polster, wir haben den Service<\/span>. <\/span><\/span><\/strong><\/span><\/strong><\/span><\/em><\/span><\/span><\/strong><\/span><span style=\"font-family: andale mono,times; font-size: 12pt;\"><strong><span style=\"color: #00ccff;\"><span style=\"color: #003366;\"><br \/>\n<\/span><\/span><\/strong><\/span><\/strong><\/span><\/em><\/p>\n<p style=\"text-align: left;\"><span style=\"font-family: andale mono,times; font-size: 14pt;\"><span style=\"font-family: andale mono,times;\"><span style=\"color: #00ccff;\"><span style=\"color: #003366;\"><em>&#8222;Damit auch Ihre Polster wieder frei durchatmen k\u00f6nnen&#8220;<\/em><\/span><\/span><\/span><strong><span style=\"font-family: andale mono,times;\"><strong><span style=\"color: #00ccff;\"><span style=\"color: #003366;\"><br \/>\n<\/span><\/span><\/strong><\/span><\/strong><\/span><\/p>\n<p style=\"text-align: left;\"><span style=\"font-family: andale mono,times; font-size: 12pt;\"><strong><em><span style=\"font-family: andale mono,times; font-size: 12pt;\"><strong><span style=\"color: #00ccff;\"><span style=\"color: #003366;\">Wir bieten Ihnen einen erstklassige Reinigung Ihrer Polsterm\u00f6bel. Durch unseren Service *ABC-Mobil * , kommen wir zu Ihnen nach Hause und reinigen Ihre Polsterm\u00f6bel, Sitzgarnituren und Sessel direkt vor Ort. Hierdurch sparen Sie den aufwendigen Abtransport Ihrer Polstergarnituren und k\u00f6nnen sich vom Ergebnis des professionellen Reinigungsprozesses sofort \u00fcberzeugen lassen.<\/span><\/span><\/strong><\/span><\/em><\/strong><\/span><\/p>\n<p style=\"text-align: left;\"><span style=\"color: #003366;\"><a href=\"http:\/\/www.abc-reinigungen.de\/abcreiwp\/wp-content\/uploads\/2014\/05\/cropped-50.jpg\"><img decoding=\"async\" loading=\"lazy\" class=\"wp-image-41 alignright\" src=\"http:\/\/www.abc-reinigungen.de\/abcreiwp\/wp-content\/uploads\/2014\/05\/cropped-50.jpg\" alt=\"cropped-50.jpg\" width=\"459\" height=\"182\" srcset=\"https:\/\/www.abc-reinigungen.de\/abcreiwp\/wp-content\/uploads\/2014\/05\/cropped-50.jpg 766w, https:\/\/www.abc-reinigungen.de\/abcreiwp\/wp-content\/uploads\/2014\/05\/cropped-50-300x118.jpg 300w, https:\/\/www.abc-reinigungen.de\/abcreiwp\/wp-content\/uploads\/2014\/05\/cropped-50-190x75.jpg 190w\" sizes=\"(max-width: 459px) 100vw, 459px\" \/><\/a><\/span><\/p>\n<p><span style=\"color: #003366; font-family: andale mono,times; font-size: 12pt;\">F\u00fcr die Reinigung Ihrer Polster nutzen wir eine innovative <\/span><span style=\"font-family: andale mono,times; font-size: 12pt;\"><span style=\"color: #00ccff;\"><span style=\"color: #003366;\">Spr\u00fchextraktion, welche <\/span><\/span><span style=\"color: #003366;\"><span style=\"font-family: andale mono,times; font-size: 12pt;\">pflegend und schonend auf das Material wirkt. Durch eine neue Technologie aus Amerika ist es u<\/span>ns m\u00f6glich, Ihre Polsterm\u00f6bel wieder neu aufzuwerten. Bei gebrauchten Polsterm\u00f6beln werden die Farben aufgefrischt und Flecken sowie langj\u00e4hrige Verschmutzungen tiefenwirksam gel\u00f6st.<\/span><\/span><\/p>\n<p><span style=\"font-family: andale mono,times; font-size: 12pt;\"><span style=\"color: #003366;\">Sie ersparen sich damit Zeit und vor allem viel Geld. <strong>Testen Sie unsere neue Technik der Polsterm\u00f6belreinigung!<\/strong><\/span><\/span><\/p>\n<p><span style=\"font-family: andale mono,times; font-size: 12pt;\"><span style=\"color: #003366;\">Bei Fragen k\u00f6nnen Sie uns gerne jederzeit anrufen oder sich \u00fcber das Kontaktformular an uns wenden.<\/span><\/span><\/p>\n<p><span style=\"font-family: andale mono,times; font-size: 12pt;\"><span style=\"color: #003366;\"><span style=\"font-family: andale mono,times; font-size: 12pt;\"><span style=\"color: #003366;\">Die Experten unseres Reinigungsunternehmens beraten Sie gerne rund um die Polsterm\u00f6belreinigung.<\/span><\/span><\/span><\/span><\/p>\n<p><span style=\"font-family: andale mono,times; font-size: 12pt;\">\u00a0<\/span><\/p>\n<p><span style=\"font-family: andale mono,times; font-size: 12pt;\">\u00a0<\/span><\/p>\n<p><span style=\"font-family: andale mono,times; font-size: 12pt;\">\u00a0<\/span><\/p>\n","protected":false},"excerpt":{"rendered":"<p>Neue Innovation bei der Polsterreinigung! Sie haben die Polster, wir haben den Service. &#8222;Damit auch Ihre Polster wieder frei durchatmen k\u00f6nnen&#8220; Wir bieten Ihnen einen erstklassige Reinigung Ihrer Polsterm\u00f6bel. Durch unseren Service *ABC-Mobil * , kommen wir zu Ihnen nach Hause und reinigen Ihre Polsterm\u00f6bel, Sitzgarnituren und Sessel direkt vor Ort. Hierdurch sparen Sie den&hellip; <a class=\"continue\" href=\"https:\/\/www.abc-reinigungen.de\/abcreiwp\/abc-reinigungen-polstermoebelreinigung-polsteraufbereitung-polsterschoner-schwerin-rostock-luebeck\/\">Continue Reading Polsterreinigung<\/a><\/p>\n","protected":false},"author":1,"featured_media":0,"parent":0,"menu_order":0,"comment_status":"closed","ping_status":"closed","template":"","meta":[],"_links":{"self":[{"href":"https:\/\/www.abc-reinigungen.de\/abcreiwp\/wp-json\/wp\/v2\/pages\/61"}],"collection":[{"href":"https:\/\/www.abc-reinigungen.de\/abcreiwp\/wp-json\/wp\/v2\/pages"}],"about":[{"href":"https:\/\/www.abc-reinigungen.de\/abcreiwp\/wp-json\/wp\/v2\/types\/page"}],"author":[{"embeddable":true,"href":"https:\/\/www.abc-reinigungen.de\/abcreiwp\/wp-json\/wp\/v2\/users\/1"}],"replies":[{"embeddable":true,"href":"https:\/\/www.abc-reinigungen.de\/abcreiwp\/wp-json\/wp\/v2\/comments?post=61"}],"version-history":[{"count":63,"href":"https:\/\/www.abc-reinigungen.de\/abcreiwp\/wp-json\/wp\/v2\/pages\/61\/revisions"}],"predecessor-version":[{"id":793,"href":"https:\/\/www.abc-reinigungen.de\/abcreiwp\/wp-json\/wp\/v2\/pages\/61\/revisions\/793"}],"wp:attachment":[{"href":"https:\/\/www.abc-reinigungen.de\/abcreiwp\/wp-json\/wp\/v2\/media?parent=61"}],"curies":[{"name":"wp","href":"https:\/\/api.w.org\/{rel}","templated":true}]}}